- 5*s - 35 - 11. What is the units digit of (-1 + 37)*c/l?
4
Let b(s) = -s**3 + 14*s**2 - 15*s - 19. Let q be b(12). Let g = 173 - q. What is the units digit of g?
4
Let u(s) = -7*s + 34. Let f be u(4). Suppose 0 = -21*y + 993 - f. What is the tens digit of y?
4
Let u be 58/18 + (-14)/63. Suppose -4*n - 8 = -4*f, u*n - 2*f - 2*f + 10 = 0. Suppose -n*l + l = -34. What is the tens digit of l?
3
Suppose -38*a = -35*a - 69. What is the units digit of a?
3
What is the units digit of (1 + -63)*-1 + (1 - 2)?
1
Let k = -64 - -938. What is the hundreds digit of k?
8
Let b(h) = 387*h**2 + 94*h - 1. What is the hundreds digit of b(3)?
7
Suppose -5*a + 480 = 3*x - 8*x, -4*a + 384 = -x. What is the tens digit of a?
9
Suppose 15*a - 6894 = 6*a. What is the units digit of a?
6
Suppose -m = 2, 4*m - 9*m + 578 = 4*n. What is the units digit of n?
7
Let x(f) = -f**3 + 8*f**2 - 8*f - 2. Let q be x(7). Let j = q - -107. What is the tens digit of j?
9
Let u be 1 + 0/1 - -2. Suppose 0 = -0*y - y + u. Suppose q + d = -4*d - 8, -y*d = -2*q + 49. What is the units digit of q?
7
What is the thousands digit of 6 - 2104/60*5*-6?
1
Let r be (2/5 + 6/(-15))/2. Suppose 5*m - 2*x - 271 = -0*x, r = 3*x - 6. What is the units digit of m?
5
Suppose 96 = 5*s - 4*s. Suppose 6*g - 4*g = s. What is the tens digit of g?
4
Let s(q) = q - 5. Let x be s(10). Suppose 0 = -2*d - x + 75. What is the tens digit of d?
3
Suppose 0 = -7*p + 13 + 71. What is the hundreds digit of (-6)/(-9) - ((-2020)/p - -2)?
1
Suppose -16*o + 49958 = -1146. What is the tens digit of o?
9
Let c = 9 + -7. Let o = -3 - -3. Suppose o*p + c*p = 64. What is the units digit of p?
2
Let d(j) = 3*j**2 - 10*j + 2346. What is the hundreds digit of d(0)?
3
Let h = 2324 - -2371. What is the units digit of h?
5
Suppose -4*u = 4, -4*u - 1287 = -3*z + 448. Suppose 0 = 5*o + 3*m - z, -4*m + m = 4*o - 461. What is the hundreds digit of o?
1
Let p = 50 + 205. What is the hundreds digit of p?
2
Let x be (-70)/(-8) - (-6)/24. What is the tens digit of x/(-7) - -1 - 432/(-42)?
1
Suppose -p = -5*u - 1, -7*u = -9*u - 4*p - 18. Let g be (-42 - (-2 + 2)) + 1. What is the tens digit of g*((u - 1) + 1)?
4
Let z(f) = -f**3 - 45*f**2 - 53*f - 14. What is the hundreds digit of z(-44)?
3
What is the hundreds digit of 6 + -6 + 462 - -5?
4
Let q(j) = -4*j - 9 - 14 + j. Let y be q(-16). Suppose -4*o = -3*i + 25 + y, -8 = -2*o. What is the tens digit of i?
2
Let u(c) = c**3 + 11*c**2 - 13*c - 9. Suppose 25 = 5*m, -5*m = -3*g - 2*m - 42. Let f be u(g). Suppose f = t + 4*t. What is the tens digit of t?
5
Let x(w) = 9*w**2 - 5*w - 5. Let c be x(-2). Suppose 3*l = 130 + c. Let f = l - 33. What is the units digit of f?
4
Let a(o) = o**3 - o**2 + o + 300. Let y be a(0). Let h be (-8)/(-28) - y/21. Let x = -11 - h. What is the units digit of x?
3
Let b(j) = j**3 - 13*j**2 + 24*j. Let x be b(16). Suppose -z + x = 5*z. What is the tens digit of z?
9
Let f(k) = k**2 + 9*k + 3. Let a be f(-11). Let m = a + 5. What is the units digit of m?
0
Let q = 65 - -183. What is the hundreds digit of q?
2
Let x = 20 + -16. Suppose 4 = -4*v, -5*b + 82 = -x*v - 102. What is the units digit of b?
6
Suppose 5*r - 338 = -x + 564, -x + 542 = 3*r. Suppose 2*t + r = 5*t. What is the tens digit of t?
6
Let q(r) = r**2 + r - 1. Let z(s) = 7*s**2 + 8*s - 15. Let k(x) = -6*q(x) + z(x). Let u be k(-7). Suppose u = -0*w + w. What is the tens digit of w?
2
Let u(x) = -x**2 - 6*x + 9. Let g be u(-7). Suppose 0*q - 188 = -g*q. Suppose -198 = -4*y - 2*a, -152 = -5*y - 4*a + q. What is the units digit of y?
0
Let x(b) = -2*b**2 + 27*b + 7. Let n be 0/(2 - 1) - -10. What is the units digit of x(n)?
7
Let d = 155 - -780. What is the tens digit of d?
3
Let g(y) = -y**2 + 12*y + 12. Suppose 5*a - 31 = 4. What is the units digit of g(a)?
7
Let u(g) = -g - 1. Let a be u(-1). Suppose a = -4*n + 47 + 57. Let r = n + -8. What is the tens digit of r?
1
Let w = -1343 + 2773. What is the thousands digit of w?
1
Suppose 846 = -76*g + 79*g. What is the tens digit of g?
8
Let x = 2 - 0. Suppose 14 = 7*f + 7. Suppose -x*p = -f - 7. What is the units digit of p?
4
What is the tens digit of ((-16)/12)/((-28)/21)*985?
8
Suppose 0 = 2*n, -4*p + n = -5*p + 4. Let y(z) = z**3 + z**2 - 6*z + 9. What is the units digit of y(p)?
5
Let o = -8 - -3. Let m(y) = 7*y**3 - 5*y**2 + 3*y + 7. Let w(d) = 6*d**3 - 5*d**2 + 2*d + 7. Let a(b) = o*m(b) + 6*w(b). What is the tens digit of a(6)?
2
Let h = -1295 + 2020. What is the units digit of h?
5
Suppose -t = -10*t + 9. Let w be t/(-2) + (-2)/(-4). Suppose 2*i + 5*y = 94, 0 = 2*i - w*i - 2*y - 80. What is the tens digit of i?
4
Suppose 0 = -5*o + 3*o. What is the units digit of o/5 + (-2 - -9)?
7
Let p = 174 - 2561. Let t be p/(-35) - 1/5. Let n = -29 + t. What is the tens digit of n?
3
Let w = 56 + -82. What is the tens digit of (420/w)/(-1) + 6/(-39)?
1
Suppose 328 = 3*t + 2*g - 554, 4*t - 3*g = 1193. What is the tens digit of t?
9
Let l(o) = o**2 + 7*o + 8. Let v be l(-6). Let s(t) = 27*t + v + 1 - 5*t - 1. What is the units digit of s(1)?
4
What is the tens digit of (-23512)/(-24) - 6/(-18)?
8
Suppose -77*m - 3066 = -84*m. What is the tens digit of m?
3
Let j = 130 - 106. Suppose 0 = a - 0*a - 9. Suppose j = -6*t + a*t. What is the units digit of t?
8
Let i be -6 - (-12)/3 - -12. Let q be 6/(-3)*(-1)/1. Suppose 4*v - i = -q. What is the units digit of v?
2
What is the tens digit of (-9)/18 - (-1 - (-4285)/(-10))?
2
What is the hundreds digit of (343 - -14) + 5 + -1?
3
Suppose -27*o + 8625 = -22*o. Suppose -11*d + o + 1179 = 0. What is the hundreds digit of d?
2
Suppose -4*y + 4*a - 16 = 0, -y - 5*a + 0*a = -20. Suppose -4*v + 2*s - 388 = -7*v, y = -5*v - 5*s + 655. What is the hundreds digit of v?
1
Let x = 346 + 206. What is the hundreds digit of x?
5
Let k(s) = 23*s**2 + 41*s + 192. What is the units digit of k(-6)?
4
Let r be ((-73)/3)/(-1) + (-2)/6. Suppose 0 = 5*t + 4*m - r - 276, 2*m - 300 = -5*t. What is the units digit of t?
0
Let o = 960 + -212. What is the tens digit of o?
4
Let a(x) = -10*x + 3. Let d(z) = -3*z - 1. Let n be d(0). What is the units digit of a(n)?
3
Let i(f) = f**2 + 2*f - 3. Let z be i(-4). Suppose -z*b + 10*b - 170 = 0. What is the units digit of b?
4
Let j be 3064/(-24) + (-4)/(-6). Let h = 277 + j. What is the units digit of h?
0
Suppose -3*c = -2*j - 8069, -6*j + 1 = -7*j. What is the tens digit of c?
8
Suppose 2*m + 4*y + 8 = 0, 0*y = 4*m - 4*y - 8. Let l be -3*(m - 15/9). Suppose -4*u - 127 = -l*a, 3*a - 28 - 35 = -2*u. What is the tens digit of a?
2
Let n(z) = -4*z**3 - 3*z**2 - 6*z - 5. Let g be n(-4). Suppose 4*d - g = 5*h, 5*d = -h + 5*h + 277. What is the units digit of d?
3
Suppose g = 3 + 19. Suppose -q + 1 = -g. Suppose -4*z = -5*z + q. What is the units digit of z?
3
Let h be (93/27 - 3)/((-2)/(-9)). Suppose -h*q = -g + 12, -5*g - 2*q + 15 + 81 = 0. What is the tens digit of g?
1
Suppose -4*g + 3*t + 28 = 6*t, g - 5*t - 30 = 0. Suppose 0 = 2*x - 3*i - 4, -4*x - 2*i - i = g. Let w(s) = -17*s**3 - s - 1. What is the units digit of w(x)?
7
Let a(x) = -2*x - 4. Let g be a(-2). Let b be (0 - -1)*-1*-2. Suppose g = -v - b*v + 24. What is the units digit of v?
8
Let n be 2 - ((-400)/(-5))/1. Let o = n + 125. What is the units digit of o?
7
Let r(z) = 49*z + 50. Let n be r(-5). Let u = -96 - n. What is the units digit of u?
9
Let q = -1180 + 2729. What is the hundreds digit of q?
5
Let h(q) = -12*q + 24. Let w(a) = -1. Let f(y) = 5*h(y) + 120*w(y). What is the tens digit of f(-3)?
8
Let h(j) = -418*j - 165. What is the thousands digit of h(-7)?
2
Let m(f) = -297*f + 13. What is the units digit of m(-7)?
2
Suppose 3*f = z + 1868 + 810, 0 = 4*f - 3*z - 3564. What is the hundreds digit of f?
8
Suppose 8*n - 3031 + 783 = 0. Let g = -161 + n. What is the tens digit of g?
2
Let l(m) be the second derivative of m**3/6 + 5*m**2 + 6*m. Let y be l(-7). Suppose -y*q + 270 = 2*q. What is the tens digit of q?
5
Let c(p) = p**3 - 2*p**2 - 4*p. Let j be c(3). Let q be 21 + 15/j + 2. Let l = q + -10. What is the units digit of l?
8
What is the thousands digit of (-2)/4*(189 + -5235)?
2
Let d(j) = -2*j - 10. Let z be d(-7). Suppose 3*p - z*p = 75. What is the units digit of (-4)/16 - p/12?
6
Let p be 1/((-1 + 6)/10). Suppose 102 = p*s - 116. Wh